{"id":122,"date":"2021-12-21T13:16:07","date_gmt":"2021-12-21T13:16:07","guid":{"rendered":"https:\/\/raiman.pl\/?page_id=122"},"modified":"2022-02-02T07:57:11","modified_gmt":"2022-02-02T07:57:11","slug":"audyty-techniczne-maszynowni-chlodniczych","status":"publish","type":"page","link":"https:\/\/raiman.pl\/index.php\/audyty-techniczne-maszynowni-chlodniczych\/","title":{"rendered":"Audyty techniczne maszynowni ch\u0142odniczych"},"content":{"rendered":"\t\t<div data-elementor-type=\"wp-page\" data-elementor-id=\"122\" class=\"elementor elementor-122\" data-elementor-settings=\"[]\">\n\t\t\t\t\t\t<div class=\"elementor-inner\">\n\t\t\t\t\t\t\t<div class=\"elementor-section-wrap\">\n\t\t\t\t\t\t\t<section data-particle_enable=\"false\" data-particle-mobile-disabled=\"false\" class=\"elementor-section elementor-top-section elementor-element elementor-element-0dfe66e elementor-section-boxed elementor-section-height-default elementor-section-height-default\" data-id=\"0dfe66e\" data-element_type=\"section\" data-settings=\"{&quot;_ha_eqh_enable&quot;:false}\">\n\t\t\t\t\t\t<div class=\"elementor-container elementor-column-gap-default\">\n\t\t\t\t\t\t\t<div class=\"elementor-row\">\n\t\t\t\t\t<div class=\"elementor-column elementor-col-100 elementor-top-column elementor-element elementor-element-d217c2c\" data-id=\"d217c2c\" data-element_type=\"column\">\n\t\t\t<div class=\"elementor-column-wrap elementor-element-populated\">\n\t\t\t\t\t\t\t<div class=\"elementor-widget-wrap\">\n\t\t\t\t\t\t<div class=\"elementor-element elementor-element-cb89a22 elementor-hidden-tablet elementor-hidden-mobile eael-divider-center elementor-widget elementor-widget-eael-divider\" data-id=\"cb89a22\" data-element_type=\"widget\" data-widget_type=\"eael-divider.default\">\n\t\t\t\t<div class=\"elementor-widget-container\">\n\t\t\t\t\t<div class=\"eael-divider-wrap divider-direction-horizontal\">\n\t\t\t\t\t\t\t<div class=\"divider-text-container\">\n\t\t\t\t\t<div class=\"divider-text-wrap\">\n\t\t\t\t\t\t\t\t\t\t\t\t\t<span class=\"divider-border-wrap divider-border-left\">\n\t\t\t\t\t\t\t\t<span class=\"divider-border\"><\/span>\n\t\t\t\t\t\t\t<\/span>\n\t\t\t\t\t\t\t\t\t\t\t\t<span class=\"eael-divider-content\">\n\t\t\t\t\t\t\t\t\t\t\t\t\t\t\t<div class=\"eael-divider-text\">Audyty techniczne maszynowni ch\u0142odniczych<\/div>\t\t\t\t\t\t\t\t\t\t\t\t\t<\/span>\n\t\t\t\t\t\t\t\t\t\t\t\t\t<span class=\"divider-border-wrap divider-border-right\">\n\t\t\t\t\t\t\t\t<span class=\"divider-border\"><\/span>\n\t\t\t\t\t\t\t<\/span>\n\t\t\t\t\t\t\t\t\t\t\t<\/div>\n\t\t\t\t<\/div>\n\t\t\t\t\t<\/div>\n\t\t<\/div>\n\t\t\t\t<\/div>\n\t\t\t\t<div class=\"elementor-element elementor-element-1b17037 elementor-hidden-desktop elementor-widget elementor-widget-heading\" data-id=\"1b17037\" data-element_type=\"widget\" data-widget_type=\"heading.default\">\n\t\t\t\t<div class=\"elementor-widget-container\">\n\t\t\t<h2 class=\"elementor-heading-title elementor-size-default\">Audyty techniczne maszynowni ch\u0142odniczych<\/h2>\t\t<\/div>\n\t\t\t\t<\/div>\n\t\t\t\t\t\t<\/div>\n\t\t\t\t\t<\/div>\n\t\t<\/div>\n\t\t\t\t\t\t\t\t<\/div>\n\t\t\t\t\t<\/div>\n\t\t<\/section>\n\t\t\t\t<section data-particle_enable=\"false\" data-particle-mobile-disabled=\"false\" class=\"elementor-section elementor-top-section elementor-element elementor-element-87051f8 elementor-section-boxed elementor-section-height-default elementor-section-height-default\" data-id=\"87051f8\" data-element_type=\"section\" data-settings=\"{&quot;_ha_eqh_enable&quot;:false}\">\n\t\t\t\t\t\t<div class=\"elementor-container elementor-column-gap-default\">\n\t\t\t\t\t\t\t<div class=\"elementor-row\">\n\t\t\t\t\t<div class=\"elementor-column elementor-col-50 elementor-top-column elementor-element elementor-element-b63b337\" data-id=\"b63b337\" data-element_type=\"column\">\n\t\t\t<div class=\"elementor-column-wrap elementor-element-populated\">\n\t\t\t\t\t\t\t<div class=\"elementor-widget-wrap\">\n\t\t\t\t\t\t<div class=\"elementor-element elementor-element-8186271 elementor-widget elementor-widget-image\" data-id=\"8186271\" data-element_type=\"widget\" data-widget_type=\"image.default\">\n\t\t\t\t<div class=\"elementor-widget-container\">\n\t\t\t\t\t\t\t\t<div class=\"elementor-image\">\n\t\t\t\t\t\t\t\t\t\t\t\t<img width=\"800\" height=\"500\" src=\"https:\/\/raiman.pl\/wp-content\/uploads\/2022\/01\/Audyty-techniczne-maszynowni-chlodniczych.jpg\" class=\"attachment-large size-large\" alt=\"\" loading=\"lazy\" srcset=\"https:\/\/raiman.pl\/wp-content\/uploads\/2022\/01\/Audyty-techniczne-maszynowni-chlodniczych.jpg 800w, https:\/\/raiman.pl\/wp-content\/uploads\/2022\/01\/Audyty-techniczne-maszynowni-chlodniczych-300x188.jpg 300w, https:\/\/raiman.pl\/wp-content\/uploads\/2022\/01\/Audyty-techniczne-maszynowni-chlodniczych-768x480.jpg 768w\" sizes=\"(max-width: 800px) 100vw, 800px\" \/>\t\t\t\t\t\t\t\t\t\t\t\t\t\t<\/div>\n\t\t\t\t\t\t<\/div>\n\t\t\t\t<\/div>\n\t\t\t\t\t\t<\/div>\n\t\t\t\t\t<\/div>\n\t\t<\/div>\n\t\t\t\t<div class=\"elementor-column elementor-col-50 elementor-top-column elementor-element elementor-element-9694dcf\" data-id=\"9694dcf\" data-element_type=\"column\">\n\t\t\t<div class=\"elementor-column-wrap elementor-element-populated\">\n\t\t\t\t\t\t\t<div class=\"elementor-widget-wrap\">\n\t\t\t\t\t\t<div class=\"elementor-element elementor-element-9045f74 elementor-widget elementor-widget-text-editor\" data-id=\"9045f74\" data-element_type=\"widget\" data-widget_type=\"text-editor.default\">\n\t\t\t\t<div class=\"elementor-widget-container\">\n\t\t\t\t\t\t\t\t<div class=\"elementor-text-editor elementor-clearfix\">\n\t\t\t\t<p>Sprawdzamy maszynownie pod k\u0105tem stanu technicznego, utrzymania poszczeg\u00f3lnych jej element\u00f3w oraz dokumentacji.<\/p><p>Na \u017cyczenie klienta mo\u017cemy wykona\u0107 sprawdzenie stanu ruroci\u0105g\u00f3w, izolacji zimnochronnej, grubo\u015bci \u015bcianek ruroci\u0105g\u00f3w w newralgicznych punktach.<\/p>\t\t\t\t\t<\/div>\n\t\t\t\t\t\t<\/div>\n\t\t\t\t<\/div>\n\t\t\t\t\t\t<\/div>\n\t\t\t\t\t<\/div>\n\t\t<\/div>\n\t\t\t\t\t\t\t\t<\/div>\n\t\t\t\t\t<\/div>\n\t\t<\/section>\n\t\t\t\t\t\t<\/div>\n\t\t\t\t\t\t<\/div>\n\t\t\t\t\t<\/div>\n\t\t","protected":false},"excerpt":{"rendered":"<p>Audyty techniczne maszynowni ch\u0142odniczych Sprawdzamy maszynownie pod k\u0105tem stanu technicznego, utrzymania poszczeg\u00f3lnych jej element\u00f3w oraz dokumentacji. Na \u017cyczenie klienta mo\u017cemy wykona\u0107 sprawdzenie stanu ruroci\u0105g\u00f3w, izolacji zimnochronnej, grubo\u015bci \u015bcianek ruroci\u0105g\u00f3w w newralgicznych punktach.<\/p>\n","protected":false},"author":1,"featured_media":0,"parent":0,"menu_order":0,"comment_status":"closed","ping_status":"closed","template":"elementor_header_footer","meta":[],"yoast_head":"<!-- This site is optimized with the Yoast SEO Premium plugin v16.9 (Yoast SEO v16.9) - https:\/\/yoast.com\/wordpress\/plugins\/seo\/ -->\n<title>Audyty techniczne maszynowni ch\u0142odniczych - Systemy Ch\u0142odnicze i Klimatyzacyjne<\/title>\n<meta name=\"robots\" content=\"index, follow, max-snippet:-1, max-image-preview:large, max-video-preview:-1\" \/>\n<link rel=\"canonical\" href=\"https:\/\/raiman.pl\/index.php\/audyty-techniczne-maszynowni-chlodniczych\/\" \/>\n<meta property=\"og:locale\" content=\"pl_PL\" \/>\n<meta property=\"og:type\" content=\"article\" \/>\n<meta property=\"og:title\" content=\"Audyty techniczne maszynowni ch\u0142odniczych\" \/>\n<meta property=\"og:description\" content=\"Audyty techniczne maszynowni ch\u0142odniczych Sprawdzamy maszynownie pod k\u0105tem stanu technicznego, utrzymania poszczeg\u00f3lnych jej element\u00f3w oraz dokumentacji. Na \u017cyczenie klienta mo\u017cemy wykona\u0107 sprawdzenie stanu ruroci\u0105g\u00f3w, izolacji zimnochronnej, grubo\u015bci \u015bcianek ruroci\u0105g\u00f3w w newralgicznych punktach.\" \/>\n<meta property=\"og:url\" content=\"https:\/\/raiman.pl\/index.php\/audyty-techniczne-maszynowni-chlodniczych\/\" \/>\n<meta property=\"og:site_name\" content=\"Systemy Ch\u0142odnicze i Klimatyzacyjne\" \/>\n<meta property=\"article:modified_time\" content=\"2022-02-02T07:57:11+00:00\" \/>\n<meta property=\"og:image\" content=\"https:\/\/raiman.pl\/wp-content\/uploads\/2022\/01\/Audyty-techniczne-maszynowni-chlodniczych.jpg\" \/>\n<meta name=\"twitter:card\" content=\"summary_large_image\" \/>\n<meta name=\"twitter:label1\" content=\"Szacowany czas czytania\" \/>\n\t<meta name=\"twitter:data1\" content=\"1 minuta\" \/>\n<script type=\"application\/ld+json\" class=\"yoast-schema-graph\">{\"@context\":\"https:\/\/schema.org\",\"@graph\":[{\"@type\":\"WebSite\",\"@id\":\"https:\/\/raiman.pl\/#website\",\"url\":\"https:\/\/raiman.pl\/\",\"name\":\"Systemy Ch\\u0142odnicze i Klimatyzacyjne\",\"description\":\"Marek Raiman\",\"potentialAction\":[{\"@type\":\"SearchAction\",\"target\":{\"@type\":\"EntryPoint\",\"urlTemplate\":\"https:\/\/raiman.pl\/?s={search_term_string}\"},\"query-input\":\"required name=search_term_string\"}],\"inLanguage\":\"pl-PL\"},{\"@type\":\"ImageObject\",\"@id\":\"https:\/\/raiman.pl\/index.php\/audyty-techniczne-maszynowni-chlodniczych\/#primaryimage\",\"inLanguage\":\"pl-PL\",\"url\":\"https:\/\/raiman.pl\/wp-content\/uploads\/2022\/01\/Audyty-techniczne-maszynowni-chlodniczych.jpg\",\"contentUrl\":\"https:\/\/raiman.pl\/wp-content\/uploads\/2022\/01\/Audyty-techniczne-maszynowni-chlodniczych.jpg\",\"width\":800,\"height\":500},{\"@type\":\"WebPage\",\"@id\":\"https:\/\/raiman.pl\/index.php\/audyty-techniczne-maszynowni-chlodniczych\/#webpage\",\"url\":\"https:\/\/raiman.pl\/index.php\/audyty-techniczne-maszynowni-chlodniczych\/\",\"name\":\"Audyty techniczne maszynowni ch\\u0142odniczych - Systemy Ch\\u0142odnicze i Klimatyzacyjne\",\"isPartOf\":{\"@id\":\"https:\/\/raiman.pl\/#website\"},\"primaryImageOfPage\":{\"@id\":\"https:\/\/raiman.pl\/index.php\/audyty-techniczne-maszynowni-chlodniczych\/#primaryimage\"},\"datePublished\":\"2021-12-21T13:16:07+00:00\",\"dateModified\":\"2022-02-02T07:57:11+00:00\",\"breadcrumb\":{\"@id\":\"https:\/\/raiman.pl\/index.php\/audyty-techniczne-maszynowni-chlodniczych\/#breadcrumb\"},\"inLanguage\":\"pl-PL\",\"potentialAction\":[{\"@type\":\"ReadAction\",\"target\":[\"https:\/\/raiman.pl\/index.php\/audyty-techniczne-maszynowni-chlodniczych\/\"]}]},{\"@type\":\"BreadcrumbList\",\"@id\":\"https:\/\/raiman.pl\/index.php\/audyty-techniczne-maszynowni-chlodniczych\/#breadcrumb\",\"itemListElement\":[{\"@type\":\"ListItem\",\"position\":1,\"name\":\"Home\",\"item\":\"https:\/\/raiman.pl\/\"},{\"@type\":\"ListItem\",\"position\":2,\"name\":\"Audyty techniczne maszynowni ch\\u0142odniczych\"}]}]}<\/script>\n<!-- \/ Yoast SEO Premium plugin. -->","yoast_head_json":{"title":"Audyty techniczne maszynowni ch\u0142odniczych - Systemy Ch\u0142odnicze i Klimatyzacyjne","robots":{"index":"index","follow":"follow","max-snippet":"max-snippet:-1","max-image-preview":"max-image-preview:large","max-video-preview":"max-video-preview:-1"},"canonical":"https:\/\/raiman.pl\/index.php\/audyty-techniczne-maszynowni-chlodniczych\/","og_locale":"pl_PL","og_type":"article","og_title":"Audyty techniczne maszynowni ch\u0142odniczych","og_description":"Audyty techniczne maszynowni ch\u0142odniczych Sprawdzamy maszynownie pod k\u0105tem stanu technicznego, utrzymania poszczeg\u00f3lnych jej element\u00f3w oraz dokumentacji. Na \u017cyczenie klienta mo\u017cemy wykona\u0107 sprawdzenie stanu ruroci\u0105g\u00f3w, izolacji zimnochronnej, grubo\u015bci \u015bcianek ruroci\u0105g\u00f3w w newralgicznych punktach.","og_url":"https:\/\/raiman.pl\/index.php\/audyty-techniczne-maszynowni-chlodniczych\/","og_site_name":"Systemy Ch\u0142odnicze i Klimatyzacyjne","article_modified_time":"2022-02-02T07:57:11+00:00","og_image":[{"url":"https:\/\/raiman.pl\/wp-content\/uploads\/2022\/01\/Audyty-techniczne-maszynowni-chlodniczych.jpg"}],"twitter_card":"summary_large_image","twitter_misc":{"Szacowany czas czytania":"1 minuta"},"schema":{"@context":"https:\/\/schema.org","@graph":[{"@type":"WebSite","@id":"https:\/\/raiman.pl\/#website","url":"https:\/\/raiman.pl\/","name":"Systemy Ch\u0142odnicze i Klimatyzacyjne","description":"Marek Raiman","potentialAction":[{"@type":"SearchAction","target":{"@type":"EntryPoint","urlTemplate":"https:\/\/raiman.pl\/?s={search_term_string}"},"query-input":"required name=search_term_string"}],"inLanguage":"pl-PL"},{"@type":"ImageObject","@id":"https:\/\/raiman.pl\/index.php\/audyty-techniczne-maszynowni-chlodniczych\/#primaryimage","inLanguage":"pl-PL","url":"https:\/\/raiman.pl\/wp-content\/uploads\/2022\/01\/Audyty-techniczne-maszynowni-chlodniczych.jpg","contentUrl":"https:\/\/raiman.pl\/wp-content\/uploads\/2022\/01\/Audyty-techniczne-maszynowni-chlodniczych.jpg","width":800,"height":500},{"@type":"WebPage","@id":"https:\/\/raiman.pl\/index.php\/audyty-techniczne-maszynowni-chlodniczych\/#webpage","url":"https:\/\/raiman.pl\/index.php\/audyty-techniczne-maszynowni-chlodniczych\/","name":"Audyty techniczne maszynowni ch\u0142odniczych - Systemy Ch\u0142odnicze i Klimatyzacyjne","isPartOf":{"@id":"https:\/\/raiman.pl\/#website"},"primaryImageOfPage":{"@id":"https:\/\/raiman.pl\/index.php\/audyty-techniczne-maszynowni-chlodniczych\/#primaryimage"},"datePublished":"2021-12-21T13:16:07+00:00","dateModified":"2022-02-02T07:57:11+00:00","breadcrumb":{"@id":"https:\/\/raiman.pl\/index.php\/audyty-techniczne-maszynowni-chlodniczych\/#breadcrumb"},"inLanguage":"pl-PL","potentialAction":[{"@type":"ReadAction","target":["https:\/\/raiman.pl\/index.php\/audyty-techniczne-maszynowni-chlodniczych\/"]}]},{"@type":"BreadcrumbList","@id":"https:\/\/raiman.pl\/index.php\/audyty-techniczne-maszynowni-chlodniczych\/#breadcrumb","itemListElement":[{"@type":"ListItem","position":1,"name":"Home","item":"https:\/\/raiman.pl\/"},{"@type":"ListItem","position":2,"name":"Audyty techniczne maszynowni ch\u0142odniczych"}]}]}},"_links":{"self":[{"href":"https:\/\/raiman.pl\/index.php\/wp-json\/wp\/v2\/pages\/122"}],"collection":[{"href":"https:\/\/raiman.pl\/index.php\/wp-json\/wp\/v2\/pages"}],"about":[{"href":"https:\/\/raiman.pl\/index.php\/wp-json\/wp\/v2\/types\/page"}],"author":[{"embeddable":true,"href":"https:\/\/raiman.pl\/index.php\/wp-json\/wp\/v2\/users\/1"}],"replies":[{"embeddable":true,"href":"https:\/\/raiman.pl\/index.php\/wp-json\/wp\/v2\/comments?post=122"}],"version-history":[{"count":25,"href":"https:\/\/raiman.pl\/index.php\/wp-json\/wp\/v2\/pages\/122\/revisions"}],"predecessor-version":[{"id":695,"href":"https:\/\/raiman.pl\/index.php\/wp-json\/wp\/v2\/pages\/122\/revisions\/695"}],"wp:attachment":[{"href":"https:\/\/raiman.pl\/index.php\/wp-json\/wp\/v2\/media?parent=122"}],"curies":[{"name":"wp","href":"https:\/\/api.w.org\/{rel}","templated":true}]}}